{"id":561,"date":"2024-02-14T19:58:27","date_gmt":"2024-02-14T19:58:27","guid":{"rendered":"https:\/\/aturena.com\/?page_id=561"},"modified":"2024-02-20T17:52:15","modified_gmt":"2024-02-20T17:52:15","slug":"brigada-bio-monitoreo-biologico","status":"publish","type":"page","link":"https:\/\/aturena.com\/index.php\/brigada-bio-monitoreo-biologico\/","title":{"rendered":"Brigada Bio Monitoreo Biol\u00f3gico"},"content":{"rendered":"<p>La brigada de bio monitoreo de ATURENA desempe\u00f1a trabajos de investigaci\u00f3n desde el monitoreo de fauna del \u00e1rea de amortiguamiento del Parque Nacional Chirrip\u00f3 sector San Jer\u00f3nimo, entre ellos:<\/p>\n<ul>\n<li><strong>Aves<\/strong> <strong><span class=\"fe5nidar khvhiq1o r5qsrrlp i5tg98hk f9ovudaz przvwfww gx1rr48f gfz4du6o r7fjleex nz2484kf svot0ezm dcnh1tix sxl192xd t3g6t33p\"><span class=\"mpj7bzys xzlurrtv\">\ud83e\udd9c<\/span><\/span><\/strong><\/li>\n<li><strong>Mam\u00edferos <span class=\"fe5nidar khvhiq1o r5qsrrlp i5tg98hk f9ovudaz przvwfww gx1rr48f gfz4du6o r7fjleex nz2484kf svot0ezm dcnh1tix sxl192xd t3g6t33p\"><span class=\"mpj7bzys xzlurrtv\">\ud83d\udc06<\/span><\/span><span class=\"fe5nidar khvhiq1o r5qsrrlp i5tg98hk f9ovudaz przvwfww gx1rr48f gfz4du6o r7fjleex nz2484kf svot0ezm dcnh1tix sxl192xd t3g6t33p\"><span class=\"mpj7bzys xzlurrtv\">\ud83d\udc05\ud83d\udc17<\/span><\/span><\/strong><\/li>\n<li><strong>Reptiles <span class=\"fe5nidar khvhiq1o r5qsrrlp i5tg98hk f9ovudaz przvwfww gx1rr48f gfz4du6o r7fjleex nz2484kf svot0ezm dcnh1tix sxl192xd t3g6t33p\"><span class=\"mpj7bzys xzlurrtv\">\ud83e\udd8e<\/span><\/span><span class=\"fe5nidar khvhiq1o r5qsrrlp i5tg98hk f9ovudaz przvwfww gx1rr48f gfz4du6o r7fjleex nz2484kf svot0ezm dcnh1tix sxl192xd t3g6t33p\"><span class=\"mpj7bzys xzlurrtv\">\ud83d\udc0d<\/span><\/span><\/strong><\/li>\n<li><strong>Anfibios <span class=\"fe5nidar khvhiq1o r5qsrrlp i5tg98hk f9ovudaz przvwfww gx1rr48f gfz4du6o r7fjleex nz2484kf svot0ezm dcnh1tix sxl192xd t3g6t33p\"><span class=\"mpj7bzys xzlurrtv\">\ud83d\udc38<\/span><\/span><\/strong><\/li>\n<\/ul>\n<p>&nbsp;<\/p>\n","protected":false},"excerpt":{"rendered":"<p>La brigada de bio monitoreo de ATURENA desempe\u00f1a trabajos de investigaci\u00f3n desde el monitoreo de fauna del \u00e1rea de amortiguamiento del Parque Nacional Chirrip\u00f3 sector San Jer\u00f3nimo, entre ellos: Aves \ud83e\udd9c Mam\u00edferos \ud83d\udc06\ud83d\udc05\ud83d\udc17 Reptiles \ud83e\udd8e\ud83d\udc0d Anfibios \ud83d\udc38 &nbsp;<\/p>\n","protected":false},"author":2,"featured_media":572,"parent":0,"menu_order":0,"comment_status":"closed","ping_status":"closed","template":"","meta":{"two_page_speed":[],"footnotes":""},"class_list":["post-561","page","type-page","status-publish","has-post-thumbnail","hentry"],"_links":{"self":[{"href":"https:\/\/aturena.com\/index.php\/wp-json\/wp\/v2\/pages\/561","targetHints":{"allow":["GET"]}}],"collection":[{"href":"https:\/\/aturena.com\/index.php\/wp-json\/wp\/v2\/pages"}],"about":[{"href":"https:\/\/aturena.com\/index.php\/wp-json\/wp\/v2\/types\/page"}],"author":[{"embeddable":true,"href":"https:\/\/aturena.com\/index.php\/wp-json\/wp\/v2\/users\/2"}],"replies":[{"embeddable":true,"href":"https:\/\/aturena.com\/index.php\/wp-json\/wp\/v2\/comments?post=561"}],"version-history":[{"count":3,"href":"https:\/\/aturena.com\/index.php\/wp-json\/wp\/v2\/pages\/561\/revisions"}],"predecessor-version":[{"id":605,"href":"https:\/\/aturena.com\/index.php\/wp-json\/wp\/v2\/pages\/561\/revisions\/605"}],"wp:featuredmedia":[{"embeddable":true,"href":"https:\/\/aturena.com\/index.php\/wp-json\/wp\/v2\/media\/572"}],"wp:attachment":[{"href":"https:\/\/aturena.com\/index.php\/wp-json\/wp\/v2\/media?parent=561"}],"curies":[{"name":"wp","href":"https:\/\/api.w.org\/{rel}","templated":true}]}}