{"id":489,"date":"2024-02-14T13:55:44","date_gmt":"2024-02-14T13:55:44","guid":{"rendered":"https:\/\/aturena.com\/?page_id=489"},"modified":"2024-02-21T21:14:27","modified_gmt":"2024-02-21T21:14:27","slug":"cabanas-el-rinconcito","status":"publish","type":"page","link":"https:\/\/aturena.com\/index.php\/cabanas-el-rinconcito\/","title":{"rendered":"Caba\u00f1as El Rinconcito"},"content":{"rendered":"<p><img loading=\"lazy\" decoding=\"async\" class=\"x1b0d499 xuo83w3\" src=\"https:\/\/static.xx.fbcdn.net\/rsrc.php\/v3\/y4\/r\/HNzy6p26p_d.png\" alt=\"\" width=\"24\" height=\"24\" \/> San Jer\u00f3nimo de San Pedro P\u00e9rez Zeled\u00f3n, 500 metros norte de la escuela.<\/p>\n<p><strong><span class=\"fe5nidar khvhiq1o r5qsrrlp i5tg98hk f9ovudaz przvwfww gx1rr48f gfz4du6o r7fjleex nz2484kf svot0ezm dcnh1tix sxl192xd t3g6t33p\"><span class=\"mpj7bzys xzlurrtv\">\ud83c\udfe1<\/span><\/span>Caba\u00f1a\u00a0<\/strong><\/p>\n<p><strong><span class=\"fe5nidar khvhiq1o r5qsrrlp i5tg98hk f9ovudaz przvwfww gx1rr48f gfz4du6o r7fjleex nz2484kf svot0ezm dcnh1tix sxl192xd t3g6t33p\"><span class=\"mpj7bzys xzlurrtv\">\ud83d\udccd<\/span><\/span><\/strong> <strong>1<\/strong> cama matrimonial<br \/>\n<strong><span class=\"fe5nidar khvhiq1o r5qsrrlp i5tg98hk f9ovudaz przvwfww gx1rr48f gfz4du6o r7fjleex nz2484kf svot0ezm dcnh1tix sxl192xd t3g6t33p\"><span class=\"mpj7bzys xzlurrtv\">\ud83d\udccd3 <\/span><\/span><\/strong><span class=\"fe5nidar khvhiq1o r5qsrrlp i5tg98hk f9ovudaz przvwfww gx1rr48f gfz4du6o r7fjleex nz2484kf svot0ezm dcnh1tix sxl192xd t3g6t33p\"><span class=\"mpj7bzys xzlurrtv\">camarotes<\/span><\/span><strong><span class=\"fe5nidar khvhiq1o r5qsrrlp i5tg98hk f9ovudaz przvwfww gx1rr48f gfz4du6o r7fjleex nz2484kf svot0ezm dcnh1tix sxl192xd t3g6t33p\"><span class=\"mpj7bzys xzlurrtv\"> 1 <\/span><\/span><\/strong><span class=\"fe5nidar khvhiq1o r5qsrrlp i5tg98hk f9ovudaz przvwfww gx1rr48f gfz4du6o r7fjleex nz2484kf svot0ezm dcnh1tix sxl192xd t3g6t33p\"><span class=\"mpj7bzys xzlurrtv\">cama<\/span><\/span><span class=\"fe5nidar khvhiq1o r5qsrrlp i5tg98hk f9ovudaz przvwfww gx1rr48f gfz4du6o r7fjleex nz2484kf svot0ezm dcnh1tix sxl192xd t3g6t33p\"><span class=\"mpj7bzys xzlurrtv\">\u00a0<\/span><\/span>individual.<\/p>\n<p><strong><span class=\"fe5nidar khvhiq1o r5qsrrlp i5tg98hk f9ovudaz przvwfww gx1rr48f gfz4du6o r7fjleex nz2484kf svot0ezm dcnh1tix sxl192xd t3g6t33p\"><span class=\"mpj7bzys xzlurrtv\">\ud83c\udfe1<\/span><\/span>Servicios:<\/strong><\/p>\n<ul>\n<li>Electricidad<\/li>\n<li>Internet<\/li>\n<li>Agua caliente<\/li>\n<li>Refrigerador<\/li>\n<li>Utensilios de cocina (platos, vasos, cucharas&#8230;)<\/li>\n<li>Coffee maker<\/li>\n<li>Hervidor<\/li>\n<li>Cobijas<\/li>\n<li>Pa\u00f1os<\/li>\n<li>Sart\u00e9n el\u00e9ctrico<\/li>\n<\/ul>\n<p>Para reservar al WhatsApp al 8374-3443 \ud83d\udcf2 y consultar disponibilidad y para confirmar la fecha se debe realizar el pago del 50% a trav\u00e9s de dep\u00f3sito bancario o SINPE M\u00d3VIL.<\/p>\n","protected":false},"excerpt":{"rendered":"<p>San Jer\u00f3nimo de San Pedro P\u00e9rez Zeled\u00f3n, 500 metros norte de la escuela. \ud83c\udfe1Caba\u00f1a\u00a0 \ud83d\udccd 1 cama matrimonial \ud83d\udccd3 camarotes 1 cama\u00a0individual. \ud83c\udfe1Servicios: Electricidad Internet Agua caliente Refrigerador Utensilios de cocina (platos, vasos, cucharas&#8230;) Coffee maker Hervidor Cobijas Pa\u00f1os Sart\u00e9n el\u00e9ctrico Para reservar al WhatsApp al 8374-3443 \ud83d\udcf2 y consultar disponibilidad y para confirmar la [&hellip;]<\/p>\n","protected":false},"author":2,"featured_media":609,"parent":0,"menu_order":0,"comment_status":"closed","ping_status":"closed","template":"","meta":{"two_page_speed":[],"footnotes":""},"class_list":["post-489","page","type-page","status-publish","has-post-thumbnail","hentry"],"_links":{"self":[{"href":"https:\/\/aturena.com\/index.php\/wp-json\/wp\/v2\/pages\/489","targetHints":{"allow":["GET"]}}],"collection":[{"href":"https:\/\/aturena.com\/index.php\/wp-json\/wp\/v2\/pages"}],"about":[{"href":"https:\/\/aturena.com\/index.php\/wp-json\/wp\/v2\/types\/page"}],"author":[{"embeddable":true,"href":"https:\/\/aturena.com\/index.php\/wp-json\/wp\/v2\/users\/2"}],"replies":[{"embeddable":true,"href":"https:\/\/aturena.com\/index.php\/wp-json\/wp\/v2\/comments?post=489"}],"version-history":[{"count":3,"href":"https:\/\/aturena.com\/index.php\/wp-json\/wp\/v2\/pages\/489\/revisions"}],"predecessor-version":[{"id":653,"href":"https:\/\/aturena.com\/index.php\/wp-json\/wp\/v2\/pages\/489\/revisions\/653"}],"wp:featuredmedia":[{"embeddable":true,"href":"https:\/\/aturena.com\/index.php\/wp-json\/wp\/v2\/media\/609"}],"wp:attachment":[{"href":"https:\/\/aturena.com\/index.php\/wp-json\/wp\/v2\/media?parent=489"}],"curies":[{"name":"wp","href":"https:\/\/api.w.org\/{rel}","templated":true}]}}